 778 - 488. Suppose z - j = -3*z. Is z composite?
False
Suppose b - 1604 = 3*u, 5*u - 4*b + 107 = -2571. Suppose 0*s - 796 = 4*s. Let a = s - u. Is a a prime number?
False
Is (-103)/(4/116*-1) a composite number?
True
Suppose 0*l + 2*l - 28138 = -4*a, -a = 2*l - 28150. Is l a prime number?
False
Let d(o) = 15769*o + 122. Is d(1) composite?
True
Let c(w) = -201*w + 19661. Is c(0) a composite number?
False
Suppose 277 = 2*b - 3*n, b + 2*n - 144 = -2*n. Suppose 2*d - 49 = -5*g - 161, -3*d + 5*g - 143 = 0. Let w = b + d. Is w prime?
True
Suppose 0 = -6*m + 8*m - 116700. Is (-4)/(-26) - m/(-130) a composite number?
False
Is ((-191)/4)/(10/(-40)) composite?
False
Suppose 0 = 4*b + 675 - 3143. Let h = b + -441. Let c = 27 + h. Is c a prime number?
False
Suppose -1284 = -2*t - 0*t + 4*a, 3*a = 4*t - 2583. Suppose 0 = -2*v - 3*m + 750, 5*v - 1237 = -5*m + t. Is v composite?
True
Let s(q) = -q**3 + 6*q**2 + 3*q - 15. Let g be s(6). Suppose -g*x + 5*i - i + 159 = 0, -2*x - 2*i + 106 = 0. Is x prime?
True
Suppose -5*x = -5*m - 58100, 4*m = -x + 14239 - 2634. Is x composite?
False
Let t be 12/18 + 4232/6. Let y = 1910 + t. Suppose -2*d - 706 + y = 0. Is d a prime number?
False
Let b(z) be the second derivative of 13*z**4/12 + z**3/3 + z**2 + 4*z. Is b(5) prime?
True
Let l be (6/4)/(5/(-10)). Let g = -5 - l. Is (-2283)/g - 13/26 prime?
False
Let y(l) be the first derivative of 4*l**3/3 + l**2 - 14*l - 34. Is y(-6) prime?
False
Let q = 60 - -2519. Is q a prime number?
True
Is 4 + 1*48508/4 composite?
True
Let i = 23 + -21. Suppose 29 - 35 = -i*h. Suppose -4*a + h*q + 11432 = 0, 3*a - 4*a + q = -2857. Is a a prime number?
True
Let o = -13 - -14. Let u be o + 4/(-2) - -6. Suppose 2*p = -2*g + 994, -u*g = 2*p - 802 - 192. Is p a prime number?
False
Let t be (-1 - 6/3) + 1411. Suppose -15*i = -19*i + t. Is i + -5 - (-1 - -1) prime?
True
Suppose 0 = -4*a + 2*p + 8948, -3*p - 852 - 5859 = -3*a. Is a composite?
False
Let r(z) = z**2 - 9*z - 8. Let g be r(10). Suppose 5*i - k - 6251 = g*k, -2*k = 4*i - 4992. Is i prime?
True
Is ((-26)/104)/(2/(-1272)) composite?
True
Is ((-4942)/35)/((-30)/1275) a composite number?
True
Let z(o) = 3*o**3 + 13*o**2 + 9*o - 12. Let l(f) = -4*f**3 - 14*f**2 - 8*f + 12. Let b(v) = -2*l(v) - 3*z(v). Let c = 258 - 268. Is b(c) a composite number?
True
Let r(k) = k**3 + 10*k**2 - 11*k + 5. Let t be r(-11). Suppose 0 = -5*p, 100 = 2*q + 3*q - t*p. Is 5068/q + (-2)/5 a prime number?
False
Let m be 33/((-144)/315 - 3/(-7)). Is 12/48 - m/4 a composite number?
True
Suppose 4*z + 32724 = 6*z. Is (2/(-6))/((-27)/z) a prime number?
False
Let y(w) = -30*w + 112049. Is y(0) composite?
True
Suppose 0 = z + 3*p - 32, p = 2*z - 35 - 1. Suppose -2*b - 3*r = -8*r - z, 2*b + 2*r + 8 = 0. Suppose b*g + 4*g - 24 = 0. Is g composite?
True
Suppose -342079 = -25*c + 220696. Is c prime?
True
Suppose -5*o - 16 = 9, 3*j + 5*o = -13. Suppose -m + 2*m + 9 = j*h, -4*h + 27 = -3*m. Let g = m - -76. Is g composite?
False
Let s = 34 - 16. Suppose s*j - 15*j - 393 = 0. Is j a composite number?
False
Suppose -5 = 7*d - 2*d - 3*w, 0 = -3*d - 2*w + 16. Let i = -13 - -17. Suppose d*p - i*p + 38 = 0. Is p a prime number?
True
Let j = -7966 + 12737. Is j a prime number?
False
Suppose -4*w = -w - 3*g - 15, 0 = 5*g. Let j(i) = -i - i - w + 5*i - 1. Is j(3) a composite number?
False
Let k be (27/3)/(1/(-47)). Let m = -246 - k. Is m a composite number?
True
Suppose 0 = -6*j + 30. Let m(z) = z - 4. Let a be m(j). Is 65*(21/15 - a) composite?
True
Let a = -2 - -5. Let z be a/(-6) + 305/2. Suppose -25 = j - z. Is j prime?
True
Let c = 6069 + 62. Is c a prime number?
True
Let q = 24 - 20. Suppose 0 = 2*w - 5*d - 291, -5*w + d + q*d + 720 = 0. Is w prime?
False
Suppose 5*o - 39*h = -40*h + 326013, 4*h - 195601 = -3*o. Is o composite?
False
Let i = -12 - -9. Let c be (i + 3)*1/2. Suppose c*z + 127 = z. Is z prime?
True
Suppose -592 = 3*p - 5*p - k, 4*p - 1212 = 5*k. Let s = 509 - p. Suppose 369 = m - 3*o, -178 - s = -m - 2*o. Is m composite?
True
Let o be -58 + -1 + 7 + -6. Let g = 25 - o. Is g a composite number?
False
Let r = -8359 + 14358. Is r a prime number?
False
Let a(h) = -20*h**2 + 3 + h**3 - 22*h**2 + 25*h**2 + 16*h. Let c be a(16). Suppose -2*v - 2*q + 242 = 0, 851 = 5*v - c*q + 262. Is v a composite number?
True
Suppose 20*a - 60288 - 86692 = 0. Is a composite?
False
Let d(b) = 181*b**2 + 47*b - 343. Is d(8) composite?
False
Let i = 13535 + -7722. Is i composite?
False
Let p(a) = -5*a**3 + 5*a**2 - 9*a + 3. Let l(g) = g**3 + g. Suppose -8*m + 20 = -3*m. Let x(o) = m*l(o) + p(o). Is x(3) composite?
True
Let h(b) = -3*b**3 - 8*b**2 + 4*b + 1. Let o be h(-7). Suppose -235 = -c - 4*i, 95 = 3*c + i - o. Let k = c - 104. Is k composite?
False
Suppose 4*a + 21480 = -4*a. Let l = 5332 + a. Is l composite?
False
Let t(l) = l**2 + 2 - 4*l**2 - l**2 - 2*l**2. Let r be t(-8). Let q = r - -753. Is q prime?
False
Suppose o + 83427 - 25384 = 3*s, 2*o = -4. Is s prime?
False
Let t = 12 + 0. Let k be 286/8 - (-3)/t. Is 3/(-4) - (-8055)/k prime?
True
Is (2/(-2))/((-20)/4515340) prime?
True
Is 4013*5*(-2)/40*-12 a prime number?
False
Let v(z) = -69*z**2 - z - 2. Let y(q) = q. Let j(p) = -v(p) - 4*y(p). Let b be j(2). Suppose -645 - b = -a. Is a a composite number?
True
Let i(j) = 6*j + 15. Let u be i(-10). Let o be u/3*(-1)/3. Suppose -o*n = -15 - 0. Is n composite?
False
Let b = -5151 + 10292. Is b composite?
True
Let n = 19 + -20. Let r(j) = 447*j**2 - 3*j - 3. Let z(i) = 448*i**2 - 2*i - 2. Let q(l) = -3*r(l) + 4*z(l). Is q(n) a prime number?
False
Let l = 18 - 11. Let a = 13 - l. Let y = a - 0. Is y a prime number?
False
Suppose -5*p - 3*w = 4740 - 56321, 2*w = 4. Is p composite?
True
Suppose -3*y + 594 = -4443. Is y a composite number?
True
Let s be -3*(42/(-9) + 3). Suppose -3*j - s*o = -1658, -j - j + 1117 = o. Suppose 4*i = 2*w - 394, -3*w - 4*i + j = -0*w. Is w composite?
False
Suppose 20*f - 108673 = 98547. Is f a composite number?
True
Let r(v) = 33050*v + 721. Is r(6) prime?
True
Suppose -6*t + 18 = 6. Suppose 0 = -4*b - c - 0*c, 0 = b - t*c. Suppose 1055 = -b*a + 5*a. Is a a composite number?
False
Let z = 44622 - 14255. Is z prime?
True
Suppose -9545 = -4*y + t - 238, -2*y + t + 4655 = 0. Is y composite?
True
Let z = 11 + -15. Is 4*3457/(-2*z/2) prime?
True
Suppose 7*h - 33596 = 69101. Is h a composite number?
True
Suppose 51580 = i + 4*i. Suppose 2*x + i = 6*x. Is x composite?
False
Suppose 21869 = 14*i - 4913. Is i a composite number?
False
Suppose 3*r + x = 17, 0 = 3*r + r - 3*x - 1. Suppose -159 = -p + r*i, 6*i + 155 = p + 3*i. Is p prime?
False
Let a = 1957 + -1170. Is a a prime number?
True
Let t(l) = l**3 + 7*l**2 + 2*l - 7. Let i be t(-7). Let u be (-7)/(i/(-6))*-2. Suppose 5*x - 717 = b + 339, 0 = -u*x + b + 845. Is x prime?
True
Let v(g) be the first derivative of -g**5/60 + 7*g**4/24 + 5*g**3/3 + g**2/2 + 3. Let q(f) be the second derivative of v(f). Is q(7) a composite number?
True
Suppose 10*j - 32990 = -0*j. Is j a prime number?
True
Is 3 + (-22853)/(-3) + (-14)/(-42) composite?
False
Let g(d) be the second derivative of 5*d**4/12 - d**3/2 - 7*d**2/2 + 4*d - 6. Is g(-11) a prime number?
True
Is (-23 - -22)/((-3)/1005) prime?
False
Let n(w) = -w + 8. Let x be n(-4). Let f = 9 - x. Let q = f + 122. Is q composite?
True
Let s be 2/(-1*(-12)/(-582)). Let l = 168 - 12. Let y = l + s. Is y a composite number?
False
Suppose 84993 = -36*c + 41*c - 4*d, 4 = -2*d. Is c a prime number?
False
Suppose 3543 = -8*d + 9*d. Is d a composite number?
True
Suppose a + 2*n = 5, -3*n + 2 = a - 7. Let b be 9 + 2/a*3. Suppose -28 = -b*o + 3*o. Is o composite?
False
Let s be 57/2*(-2)/3. Let g = s + 19. Suppose g*k = 2*k - 530. Is k a composite number?
True
Let f = -378 + 645. Is f composite?
True
Suppose -1296*d + 1309*d = 3263. Is d a composite number?
False
Suppose -18 = -0*u - 3*u. Let j(n) = 3*n**2 + 2*n**2 - 4*n**2 + 3*n + 3*n + 5. Is j(u) composite?
True
Let v be 12/(-4) + 692 + -2. Let h = 1064 - v. Let z = h - 250. Is z a prime number?
True
Let r be (3 - 8)*(-55)/5. Is r*(1 - 6/10) prime?
False
Suppose -36873 - 14972 = -5*q. Is q a prime number?
True
Suppose 3*d + 5*v + 17 = 0, 0 = -0*d + d + 4*v + 15. Let o be d/(((-21)/(-6))/7). Suppose 4923 = o*j + 437. Is j a prime number